{"id":118,"date":"2011-11-09T16:50:53","date_gmt":"2011-11-09T16:50:53","guid":{"rendered":"http:\/\/gsv-heidelberg.de\/gsv\/?page_id=118"},"modified":"2013-09-27T14:30:52","modified_gmt":"2013-09-27T12:30:52","slug":"historie-fussball","status":"publish","type":"page","link":"https:\/\/www.gsv-heidelberg.de\/?page_id=118","title":{"rendered":"Historie Fussball"},"content":{"rendered":"<p><img loading=\"lazy\" decoding=\"async\" class=\"aligncenter\" alt=\"\" src=\"https:\/\/www.gsv-heidelberg.de\/wp-content\/uploads\/2011\/11\/GSV-HD-1955.jpg\" width=\"951\" height=\"617\" \/><\/p>\n<h1>So begann es<\/h1>\n<p>Seit dem unglaublichen Sieg 1954 der deutschen Fu\u00dfballnationalmannschaft \u00fcber Ungarn (Wunder von Bern) wollten unsere Mitglieder ebenfalls Fu\u00dfball spielen.<\/p>\n<p><img decoding=\"async\" class=\"alignnone size-medium wp-image-120\" title=\"Fussball 1955\" alt=\"\" src=\"http:\/\/gsv-heidelberg.de\/gsv\/wp-content\/uploads\/2011\/11\/1955-300x240.jpg\" width=\"500\" srcset=\"https:\/\/www.gsv-heidelberg.de\/wp-content\/uploads\/2011\/11\/1955-300x240.jpg 300w, https:\/\/www.gsv-heidelberg.de\/wp-content\/uploads\/2011\/11\/1955.jpg 432w\" sizes=\"(max-width: 300px) 100vw, 300px\" \/><\/p>\n<p>Schon 6 Monaten nach dem Gr\u00fcndungstag schn\u00fcrte man die Fu\u00dfballschuhe und spielte gegen andere Geh\u00f6rlose. Das erste Spiel 1955 ging \u00fcber Pfingsten gegen Saarbr\u00fccken verloren mit 2:3. Auch das zweite Spiel im Jahr 1955 ging gegen Ludwigsburg verloren. Bald darauf, ein Jahr sp\u00e4ter, wurden wir Heidelberger S\u00fcdwestmeister. Damals wie heute nahm man an vielen Pokalturnieren teil.<\/p>\n<p><a href=\"http:\/\/gsv-heidelberg.de\/gsv\/wp-content\/uploads\/2011\/11\/Mannschaftbilder.jpg\"><img decoding=\"async\" class=\"alignnone size-medium wp-image-125\" title=\"Mannschaftbilder\" alt=\"\" src=\"http:\/\/gsv-heidelberg.de\/gsv\/wp-content\/uploads\/2011\/11\/Mannschaftbilder-300x188.jpg\" width=\"500\" srcset=\"https:\/\/www.gsv-heidelberg.de\/wp-content\/uploads\/2011\/11\/Mannschaftbilder-300x188.jpg 300w, https:\/\/www.gsv-heidelberg.de\/wp-content\/uploads\/2011\/11\/Mannschaftbilder-1024x645.jpg 1024w\" sizes=\"(max-width: 300px) 100vw, 300px\" \/><\/a><\/p>\n<p>In der Zeit zwischen 1970 und 1985 holten die Fu\u00dfballer zahlreiche Deutsche Meister Titel und Deutsche Pokal Meister Titel nach Heidelberg. 1970 und 1972 wurde man Deutscher Pokalsieger. 1971, 1977 und 1985 Deutscher Meister. Au\u00dferdem wurden wir mehrmaliger Baden-W\u00fcrttemberg Meister. Man nahm auch im Ausland an vielen Turnieren teil. Montpellier, Bordeaux, Rom usw., das waren damals sehr sch\u00f6ne Erlebnisse. Vielleicht, wer wei\u00df, werden wir demn\u00e4chst wieder in Ausland reisen und einen Pokal mit nach Hause nehmen.<\/p>\n<p>Besonders Stolz macht uns, dass zahlreiche Fussballer als Nationalspieler unterwegs waren. Hans Rausch, Wolfnag Gang, G\u00fcnther Weber, J. Strassburger, Kurt Bauknecht, Erich Ziegler, Stefan M\u00fcller, Thomas Kolbenschlag und Waldemar Nikolaev waren die stolzen Teilnehmer.<\/p>\n<p>Auch die Jugend war damals sehr erfolgreich. 1978 und 1983 Deutscher Meister.<br \/>\nNachdem die Jugendarbeit in den 90er Jahren vernachl\u00e4ssigt wurde und keine Titel mehr holen konnte, wurde die Jugendarbeit seit 2002 wieder belebt. Seit der Zusammenarbeit zwischen Schule und Sportverein gab es nun wieder eine Jugendmannschaft. Das erste Qualifikationsspiel um die Deutsche Meisterschaft gewann man gegen Oldenburg mit 5:0.<\/p>\n<p style=\"text-align: center;\"><img loading=\"lazy\" decoding=\"async\" class=\"size-full wp-image-277 aligncenter\" alt=\"\" src=\"http:\/\/gsv-heidelberg.de\/wp-content\/uploads\/2012\/07\/Erstes-Jugendspiel.jpg\" width=\"500\" height=\"300\" \/><\/p>\n<p>Die gr\u00f6\u00dften Erfolge der Jugendmannschaft seit 2002:<br \/>\n&#8211; Deutscher Meister in Hallenfu\u00dfball 2005<br \/>\n&#8211; Deutscher Vizemeister in Hallenfutsal 2008<br \/>\n&#8211; Deutscher Vizemeister in Gro\u00dffeld 2005, 2006<br \/>\n&#8211; Deutscher Vizemeister in Kleinfeld 2008<\/p>\n<p>Die goldene Jugend-Generation in den Jahren 2004-2006 war sehr stark. In diesen Jahren galt unsere Jugendmannschaft als gef\u00fcrchtet und z\u00e4hlte zu den besten von Deutschland. Gekr\u00f6nt von dieser Zeit wurde der Meister-Titel in Halle 2005 in Marburg.<\/p>\n<p style=\"text-align: center;\"><img loading=\"lazy\" decoding=\"async\" class=\"size-full wp-image-277 aligncenter\" alt=\"\" src=\"http:\/\/gsv-heidelberg.de\/gsv\/wp-content\/uploads\/2011\/11\/6.jpg\" width=\"480\" height=\"360\" srcset=\"https:\/\/www.gsv-heidelberg.de\/wp-content\/uploads\/2011\/11\/6.jpg 400w, https:\/\/www.gsv-heidelberg.de\/wp-content\/uploads\/2011\/11\/6-300x225.jpg 300w\" sizes=\"auto, (max-width: 480px) 100vw, 480px\" \/><\/p>\n<p>Zuletzt kam unsere Jugendmannschaft in einer Spielgemeinschaft mit GSV Darmstadt ins Halbfinale der Gro\u00dffeld-Meisterschaft am 14. Mai 2011. Leider verloren sie 1:4 gegen den sp\u00e4teren Vizemeister GSV Karlsruhe.<\/p>\n\n\t\t<style type=\"text\/css\">\n\t\t\t#gallery-1 {\n\t\t\t\tmargin: auto;\n\t\t\t}\n\t\t\t#gallery-1 .gallery-item {\n\t\t\t\tfloat: left;\n\t\t\t\tmargin-top: 10px;\n\t\t\t\ttext-align: center;\n\t\t\t\twidth: 33%;\n\t\t\t}\n\t\t\t#gallery-1 img {\n\t\t\t\tborder: 2px solid #cfcfcf;\n\t\t\t}\n\t\t\t#gallery-1 .gallery-caption {\n\t\t\t\tmargin-left: 0;\n\t\t\t}\n\t\t\t\/* see gallery_shortcode() in wp-includes\/media.php *\/\n\t\t<\/style>\n\t\t<div id='gallery-1' class='gallery galleryid-118 gallery-columns-3 gallery-size-thumbnail'><dl class='gallery-item'>\n\t\t\t<dt class='gallery-icon landscape'>\n\t\t\t\t<a href='https:\/\/www.gsv-heidelberg.de\/?attachment_id=273'><img loading=\"lazy\" decoding=\"async\" width=\"150\" height=\"150\" src=\"https:\/\/www.gsv-heidelberg.de\/wp-content\/uploads\/2011\/11\/Jugend-Hallenmeister-2005-150x150.jpg\" class=\"attachment-thumbnail size-thumbnail\" alt=\"\" \/><\/a>\n\t\t\t<\/dt><\/dl><dl class='gallery-item'>\n\t\t\t<dt class='gallery-icon landscape'>\n\t\t\t\t<a href='https:\/\/www.gsv-heidelberg.de\/?attachment_id=272'><img loading=\"lazy\" decoding=\"async\" width=\"150\" height=\"150\" src=\"https:\/\/www.gsv-heidelberg.de\/wp-content\/uploads\/2011\/11\/Jugend-Gro\u00dffeld-Meister-1985-150x150.jpg\" class=\"attachment-thumbnail size-thumbnail\" alt=\"\" \/><\/a>\n\t\t\t<\/dt><\/dl><dl class='gallery-item'>\n\t\t\t<dt class='gallery-icon landscape'>\n\t\t\t\t<a href='https:\/\/www.gsv-heidelberg.de\/?attachment_id=271'><img loading=\"lazy\" decoding=\"async\" width=\"150\" height=\"150\" src=\"https:\/\/www.gsv-heidelberg.de\/wp-content\/uploads\/2011\/11\/GSV-HD-Jugend-1985-150x150.jpg\" class=\"attachment-thumbnail size-thumbnail\" alt=\"\" \/><\/a>\n\t\t\t<\/dt><\/dl><br style=\"clear: both\" \/><dl class='gallery-item'>\n\t\t\t<dt class='gallery-icon landscape'>\n\t\t\t\t<a href='https:\/\/www.gsv-heidelberg.de\/?attachment_id=270'><img loading=\"lazy\" decoding=\"async\" width=\"150\" height=\"150\" src=\"https:\/\/www.gsv-heidelberg.de\/wp-content\/uploads\/2011\/11\/GSV-HD-Jugend-1980-150x150.jpg\" class=\"attachment-thumbnail size-thumbnail\" alt=\"\" \/><\/a>\n\t\t\t<\/dt><\/dl><dl class='gallery-item'>\n\t\t\t<dt class='gallery-icon landscape'>\n\t\t\t\t<a href='https:\/\/www.gsv-heidelberg.de\/?attachment_id=269'><img loading=\"lazy\" decoding=\"async\" width=\"150\" height=\"150\" src=\"https:\/\/www.gsv-heidelberg.de\/wp-content\/uploads\/2011\/11\/GSV-HD-Jugend-1978-150x150.jpg\" class=\"attachment-thumbnail size-thumbnail\" alt=\"\" \/><\/a>\n\t\t\t<\/dt><\/dl><dl class='gallery-item'>\n\t\t\t<dt class='gallery-icon landscape'>\n\t\t\t\t<a href='https:\/\/www.gsv-heidelberg.de\/?attachment_id=268'><img loading=\"lazy\" decoding=\"async\" width=\"150\" height=\"150\" src=\"https:\/\/www.gsv-heidelberg.de\/wp-content\/uploads\/2011\/11\/GSV-HD-Jugend-1976-150x150.jpg\" class=\"attachment-thumbnail size-thumbnail\" alt=\"\" \/><\/a>\n\t\t\t<\/dt><\/dl><br style=\"clear: both\" \/><dl class='gallery-item'>\n\t\t\t<dt class='gallery-icon landscape'>\n\t\t\t\t<a href='https:\/\/www.gsv-heidelberg.de\/?attachment_id=267'><img loading=\"lazy\" decoding=\"async\" width=\"150\" height=\"150\" src=\"https:\/\/www.gsv-heidelberg.de\/wp-content\/uploads\/2011\/11\/GSV-HD-1985-150x150.jpg\" class=\"attachment-thumbnail size-thumbnail\" alt=\"\" \/><\/a>\n\t\t\t<\/dt><\/dl><dl class='gallery-item'>\n\t\t\t<dt class='gallery-icon landscape'>\n\t\t\t\t<a href='https:\/\/www.gsv-heidelberg.de\/?attachment_id=266'><img loading=\"lazy\" decoding=\"async\" width=\"150\" height=\"150\" src=\"https:\/\/www.gsv-heidelberg.de\/wp-content\/uploads\/2011\/11\/GSV-HD-1980-150x150.jpg\" class=\"attachment-thumbnail size-thumbnail\" alt=\"\" \/><\/a>\n\t\t\t<\/dt><\/dl><dl class='gallery-item'>\n\t\t\t<dt class='gallery-icon landscape'>\n\t\t\t\t<a href='https:\/\/www.gsv-heidelberg.de\/?attachment_id=265'><img loading=\"lazy\" decoding=\"async\" width=\"150\" height=\"150\" src=\"https:\/\/www.gsv-heidelberg.de\/wp-content\/uploads\/2011\/11\/GSV-HD-1977_100-150x150.jpg\" class=\"attachment-thumbnail size-thumbnail\" alt=\"\" \/><\/a>\n\t\t\t<\/dt><\/dl><br style=\"clear: both\" \/><dl class='gallery-item'>\n\t\t\t<dt class='gallery-icon landscape'>\n\t\t\t\t<a href='https:\/\/www.gsv-heidelberg.de\/?attachment_id=264'><img loading=\"lazy\" decoding=\"async\" width=\"150\" height=\"150\" src=\"https:\/\/www.gsv-heidelberg.de\/wp-content\/uploads\/2011\/11\/GSV-HD-1972_100-150x150.jpg\" class=\"attachment-thumbnail size-thumbnail\" alt=\"\" \/><\/a>\n\t\t\t<\/dt><\/dl><dl class='gallery-item'>\n\t\t\t<dt class='gallery-icon landscape'>\n\t\t\t\t<a href='https:\/\/www.gsv-heidelberg.de\/?attachment_id=263'><img loading=\"lazy\" decoding=\"async\" width=\"150\" height=\"150\" src=\"https:\/\/www.gsv-heidelberg.de\/wp-content\/uploads\/2011\/11\/GSV-HD-1971_100-150x150.jpg\" class=\"attachment-thumbnail size-thumbnail\" alt=\"\" \/><\/a>\n\t\t\t<\/dt><\/dl><dl class='gallery-item'>\n\t\t\t<dt class='gallery-icon landscape'>\n\t\t\t\t<a href='https:\/\/www.gsv-heidelberg.de\/?attachment_id=262'><img loading=\"lazy\" decoding=\"async\" width=\"150\" height=\"150\" src=\"https:\/\/www.gsv-heidelberg.de\/wp-content\/uploads\/2011\/11\/GSV-HD-1970_100-150x150.jpg\" class=\"attachment-thumbnail size-thumbnail\" alt=\"\" \/><\/a>\n\t\t\t<\/dt><\/dl><br style=\"clear: both\" \/><dl class='gallery-item'>\n\t\t\t<dt class='gallery-icon landscape'>\n\t\t\t\t<a href='https:\/\/www.gsv-heidelberg.de\/?attachment_id=261'><img loading=\"lazy\" decoding=\"async\" width=\"150\" height=\"150\" src=\"https:\/\/www.gsv-heidelberg.de\/wp-content\/uploads\/2011\/11\/GSV-HD-1955-150x150.jpg\" class=\"attachment-thumbnail size-thumbnail\" alt=\"\" \/><\/a>\n\t\t\t<\/dt><\/dl><dl class='gallery-item'>\n\t\t\t<dt class='gallery-icon landscape'>\n\t\t\t\t<a href='https:\/\/www.gsv-heidelberg.de\/?attachment_id=260'><img loading=\"lazy\" decoding=\"async\" width=\"150\" height=\"150\" src=\"https:\/\/www.gsv-heidelberg.de\/wp-content\/uploads\/2011\/11\/Erfolg141-150x150.jpg\" class=\"attachment-thumbnail size-thumbnail\" alt=\"\" \/><\/a>\n\t\t\t<\/dt><\/dl><dl class='gallery-item'>\n\t\t\t<dt class='gallery-icon portrait'>\n\t\t\t\t<a href='https:\/\/www.gsv-heidelberg.de\/?attachment_id=134'><img loading=\"lazy\" decoding=\"async\" width=\"150\" height=\"150\" src=\"https:\/\/www.gsv-heidelberg.de\/wp-content\/uploads\/2011\/11\/Hans-Rausch-150x150.jpg\" class=\"attachment-thumbnail size-thumbnail\" alt=\"\" \/><\/a>\n\t\t\t<\/dt><\/dl><br style=\"clear: both\" \/><dl class='gallery-item'>\n\t\t\t<dt class='gallery-icon landscape'>\n\t\t\t\t<a href='https:\/\/www.gsv-heidelberg.de\/?attachment_id=125'><img loading=\"lazy\" decoding=\"async\" width=\"150\" height=\"150\" src=\"https:\/\/www.gsv-heidelberg.de\/wp-content\/uploads\/2011\/11\/Mannschaftbilder-150x150.jpg\" class=\"attachment-thumbnail size-thumbnail\" alt=\"\" \/><\/a>\n\t\t\t<\/dt><\/dl><dl class='gallery-item'>\n\t\t\t<dt class='gallery-icon landscape'>\n\t\t\t\t<a href='https:\/\/www.gsv-heidelberg.de\/?attachment_id=120'><img loading=\"lazy\" decoding=\"async\" width=\"150\" height=\"150\" src=\"https:\/\/www.gsv-heidelberg.de\/wp-content\/uploads\/2011\/11\/1955-150x150.jpg\" class=\"attachment-thumbnail size-thumbnail\" alt=\"\" \/><\/a>\n\t\t\t<\/dt><\/dl><dl class='gallery-item'>\n\t\t\t<dt class='gallery-icon landscape'>\n\t\t\t\t<a href='https:\/\/www.gsv-heidelberg.de\/?attachment_id=47'><img loading=\"lazy\" decoding=\"async\" width=\"150\" height=\"150\" src=\"https:\/\/www.gsv-heidelberg.de\/wp-content\/uploads\/2011\/11\/mannschaftsfoto-150x150.jpg\" class=\"attachment-thumbnail size-thumbnail\" alt=\"\" \/><\/a>\n\t\t\t<\/dt><\/dl><br style=\"clear: both\" \/><dl class='gallery-item'>\n\t\t\t<dt class='gallery-icon landscape'>\n\t\t\t\t<a href='https:\/\/www.gsv-heidelberg.de\/?attachment_id=43'><img loading=\"lazy\" decoding=\"async\" width=\"150\" height=\"150\" src=\"https:\/\/www.gsv-heidelberg.de\/wp-content\/uploads\/2011\/11\/Spielbericht-GSV-Freiburgk-150x150.jpg\" class=\"attachment-thumbnail size-thumbnail\" alt=\"\" \/><\/a>\n\t\t\t<\/dt><\/dl><dl class='gallery-item'>\n\t\t\t<dt class='gallery-icon landscape'>\n\t\t\t\t<a href='https:\/\/www.gsv-heidelberg.de\/?attachment_id=65'><img loading=\"lazy\" decoding=\"async\" width=\"150\" height=\"150\" src=\"https:\/\/www.gsv-heidelberg.de\/wp-content\/uploads\/2011\/11\/P9178388k-150x150.jpg\" class=\"attachment-thumbnail size-thumbnail\" alt=\"\" \/><\/a>\n\t\t\t<\/dt><\/dl><dl class='gallery-item'>\n\t\t\t<dt class='gallery-icon landscape'>\n\t\t\t\t<a href='https:\/\/www.gsv-heidelberg.de\/?attachment_id=1018'><img loading=\"lazy\" decoding=\"async\" width=\"150\" height=\"150\" src=\"https:\/\/www.gsv-heidelberg.de\/wp-content\/uploads\/2012\/07\/Freundschaftspiel-gg-SC-Heidelberg-2009-150x150.jpg\" class=\"attachment-thumbnail size-thumbnail\" alt=\"\" \/><\/a>\n\t\t\t<\/dt><\/dl><br style=\"clear: both\" \/><dl class='gallery-item'>\n\t\t\t<dt class='gallery-icon landscape'>\n\t\t\t\t<a href='https:\/\/www.gsv-heidelberg.de\/?attachment_id=1017'><img loading=\"lazy\" decoding=\"async\" width=\"150\" height=\"150\" src=\"https:\/\/www.gsv-heidelberg.de\/wp-content\/uploads\/2012\/07\/Freundschaftspiel-gg-Ludwigsburg-2011-150x150.jpg\" class=\"attachment-thumbnail size-thumbnail\" alt=\"\" \/><\/a>\n\t\t\t<\/dt><\/dl><dl class='gallery-item'>\n\t\t\t<dt class='gallery-icon landscape'>\n\t\t\t\t<a href='https:\/\/www.gsv-heidelberg.de\/?attachment_id=1016'><img loading=\"lazy\" decoding=\"async\" width=\"150\" height=\"150\" src=\"https:\/\/www.gsv-heidelberg.de\/wp-content\/uploads\/2012\/07\/Achtelfinale-gg-N\u00fcrnberg-2007-150x150.jpg\" class=\"attachment-thumbnail size-thumbnail\" alt=\"\" \/><\/a>\n\t\t\t<\/dt><\/dl><dl class='gallery-item'>\n\t\t\t<dt class='gallery-icon landscape'>\n\t\t\t\t<a href='https:\/\/www.gsv-heidelberg.de\/?attachment_id=1015'><img loading=\"lazy\" decoding=\"async\" width=\"150\" height=\"150\" src=\"https:\/\/www.gsv-heidelberg.de\/wp-content\/uploads\/2012\/07\/Achtelfinale-gg-k\u00f6ln-2006-150x150.jpg\" class=\"attachment-thumbnail size-thumbnail\" alt=\"\" \/><\/a>\n\t\t\t<\/dt><\/dl><br style=\"clear: both\" \/><dl class='gallery-item'>\n\t\t\t<dt class='gallery-icon landscape'>\n\t\t\t\t<a href='https:\/\/www.gsv-heidelberg.de\/?attachment_id=1019'><img loading=\"lazy\" decoding=\"async\" width=\"150\" height=\"150\" src=\"https:\/\/www.gsv-heidelberg.de\/wp-content\/uploads\/2012\/07\/Futsal-2007-in-Ortenau-150x150.jpg\" class=\"attachment-thumbnail size-thumbnail\" alt=\"\" \/><\/a>\n\t\t\t<\/dt><\/dl><dl class='gallery-item'>\n\t\t\t<dt class='gallery-icon landscape'>\n\t\t\t\t<a href='https:\/\/www.gsv-heidelberg.de\/?attachment_id=1020'><img loading=\"lazy\" decoding=\"async\" width=\"150\" height=\"150\" src=\"https:\/\/www.gsv-heidelberg.de\/wp-content\/uploads\/2012\/07\/Punktspiel-gg-Schw\u00e4bisch-Gm\u00fcnd-2009-II-150x150.jpg\" class=\"attachment-thumbnail size-thumbnail\" alt=\"\" \/><\/a>\n\t\t\t<\/dt><\/dl><dl class='gallery-item'>\n\t\t\t<dt class='gallery-icon landscape'>\n\t\t\t\t<a href='https:\/\/www.gsv-heidelberg.de\/?attachment_id=1021'><img loading=\"lazy\" decoding=\"async\" width=\"150\" height=\"150\" src=\"https:\/\/www.gsv-heidelberg.de\/wp-content\/uploads\/2012\/07\/Turnier-Darmstadt-07.08.2010-150x150.jpg\" class=\"attachment-thumbnail size-thumbnail\" alt=\"\" \/><\/a>\n\t\t\t<\/dt><\/dl><br style=\"clear: both\" \/><dl class='gallery-item'>\n\t\t\t<dt class='gallery-icon landscape'>\n\t\t\t\t<a href='https:\/\/www.gsv-heidelberg.de\/?attachment_id=1049'><img loading=\"lazy\" decoding=\"async\" width=\"150\" height=\"150\" src=\"https:\/\/www.gsv-heidelberg.de\/wp-content\/uploads\/2012\/07\/Erstes-Jugendspiel-150x150.jpg\" class=\"attachment-thumbnail size-thumbnail\" alt=\"\" \/><\/a>\n\t\t\t<\/dt><\/dl><dl class='gallery-item'>\n\t\t\t<dt class='gallery-icon landscape'>\n\t\t\t\t<a href='https:\/\/www.gsv-heidelberg.de\/?attachment_id=1409'><img loading=\"lazy\" decoding=\"async\" width=\"150\" height=\"150\" src=\"https:\/\/www.gsv-heidelberg.de\/wp-content\/uploads\/2012\/09\/Mannschaftsfoto-150x150.jpg\" class=\"attachment-thumbnail size-thumbnail\" alt=\"\" \/><\/a>\n\t\t\t<\/dt><\/dl><dl class='gallery-item'>\n\t\t\t<dt class='gallery-icon portrait'>\n\t\t\t\t<a href='https:\/\/www.gsv-heidelberg.de\/?attachment_id=1657'><img loading=\"lazy\" decoding=\"async\" width=\"150\" height=\"150\" src=\"https:\/\/www.gsv-heidelberg.de\/wp-content\/uploads\/2012\/11\/Foto-150x150.jpg\" class=\"attachment-thumbnail size-thumbnail\" alt=\"\" \/><\/a>\n\t\t\t<\/dt><\/dl><br style=\"clear: both\" \/><dl class='gallery-item'>\n\t\t\t<dt class='gallery-icon landscape'>\n\t\t\t\t<a href='https:\/\/www.gsv-heidelberg.de\/?attachment_id=1658'><img loading=\"lazy\" decoding=\"async\" width=\"150\" height=\"150\" src=\"https:\/\/www.gsv-heidelberg.de\/wp-content\/uploads\/2012\/11\/Senioren-BW-Futsalmeister-2012-150x150.jpg\" class=\"attachment-thumbnail size-thumbnail\" alt=\"\" \/><\/a>\n\t\t\t<\/dt><\/dl><dl class='gallery-item'>\n\t\t\t<dt class='gallery-icon landscape'>\n\t\t\t\t<a href='https:\/\/www.gsv-heidelberg.de\/?attachment_id=1663'><img loading=\"lazy\" decoding=\"async\" width=\"150\" height=\"150\" src=\"https:\/\/www.gsv-heidelberg.de\/wp-content\/uploads\/2011\/11\/BW-Futsal-2012-150x150.jpg\" class=\"attachment-thumbnail size-thumbnail\" alt=\"\" \/><\/a>\n\t\t\t<\/dt><\/dl><dl class='gallery-item'>\n\t\t\t<dt class='gallery-icon landscape'>\n\t\t\t\t<a href='https:\/\/www.gsv-heidelberg.de\/?attachment_id=1885'><img loading=\"lazy\" decoding=\"async\" width=\"150\" height=\"150\" src=\"https:\/\/www.gsv-heidelberg.de\/wp-content\/uploads\/2013\/03\/Punktspiel-gegen-Stuttgart-M\u00e4rz-2013-150x150.jpg\" class=\"attachment-thumbnail size-thumbnail\" alt=\"\" \/><\/a>\n\t\t\t<\/dt><\/dl><br style=\"clear: both\" \/><dl class='gallery-item'>\n\t\t\t<dt class='gallery-icon landscape'>\n\t\t\t\t<a href='https:\/\/www.gsv-heidelberg.de\/?attachment_id=1903'><img loading=\"lazy\" decoding=\"async\" width=\"150\" height=\"150\" src=\"https:\/\/www.gsv-heidelberg.de\/wp-content\/uploads\/2013\/03\/IMG_6766-150x150.jpg\" class=\"attachment-thumbnail size-thumbnail\" alt=\"\" \/><\/a>\n\t\t\t<\/dt><\/dl><dl class='gallery-item'>\n\t\t\t<dt class='gallery-icon landscape'>\n\t\t\t\t<a href='https:\/\/www.gsv-heidelberg.de\/?attachment_id=2040'><img loading=\"lazy\" decoding=\"async\" width=\"150\" height=\"150\" src=\"https:\/\/www.gsv-heidelberg.de\/wp-content\/uploads\/2013\/05\/P1030889-150x150.jpg\" class=\"attachment-thumbnail size-thumbnail\" alt=\"\" \/><\/a>\n\t\t\t<\/dt><\/dl><dl class='gallery-item'>\n\t\t\t<dt class='gallery-icon landscape'>\n\t\t\t\t<a href='https:\/\/www.gsv-heidelberg.de\/?attachment_id=2082'><img loading=\"lazy\" decoding=\"async\" width=\"150\" height=\"150\" src=\"https:\/\/www.gsv-heidelberg.de\/wp-content\/uploads\/2013\/05\/P1030850-150x150.jpg\" class=\"attachment-thumbnail size-thumbnail\" alt=\"\" \/><\/a>\n\t\t\t<\/dt><\/dl><br style=\"clear: both\" \/><dl class='gallery-item'>\n\t\t\t<dt class='gallery-icon landscape'>\n\t\t\t\t<a href='https:\/\/www.gsv-heidelberg.de\/?attachment_id=2133'><img loading=\"lazy\" decoding=\"async\" width=\"150\" height=\"150\" src=\"https:\/\/www.gsv-heidelberg.de\/wp-content\/uploads\/2013\/06\/1-150x150.jpg\" class=\"attachment-thumbnail size-thumbnail\" alt=\"\" \/><\/a>\n\t\t\t<\/dt><\/dl><dl class='gallery-item'>\n\t\t\t<dt class='gallery-icon landscape'>\n\t\t\t\t<a href='https:\/\/www.gsv-heidelberg.de\/?attachment_id=2142'><img loading=\"lazy\" decoding=\"async\" width=\"150\" height=\"150\" src=\"https:\/\/www.gsv-heidelberg.de\/wp-content\/uploads\/2013\/06\/13-150x150.jpg\" class=\"attachment-thumbnail size-thumbnail\" alt=\"\" \/><\/a>\n\t\t\t<\/dt><\/dl><dl class='gallery-item'>\n\t\t\t<dt class='gallery-icon landscape'>\n\t\t\t\t<a href='https:\/\/www.gsv-heidelberg.de\/?attachment_id=2165'><img loading=\"lazy\" decoding=\"async\" width=\"150\" height=\"150\" src=\"https:\/\/www.gsv-heidelberg.de\/wp-content\/uploads\/2011\/11\/1016202_547693381954423_2087871060_n-150x150.jpg\" class=\"attachment-thumbnail size-thumbnail\" alt=\"\" \/><\/a>\n\t\t\t<\/dt><\/dl><br style=\"clear: both\" \/>\n\t\t<\/div>\n\n","protected":false},"excerpt":{"rendered":"<p>So begann es Seit dem unglaublichen Sieg 1954 der deutschen Fu\u00dfballnationalmannschaft \u00fcber Ungarn (Wunder von Bern) wollten unsere Mitglieder ebenfalls Fu\u00dfball spielen. Schon 6 Monaten nach dem Gr\u00fcndungstag schn\u00fcrte man die Fu\u00dfballschuhe und spielte gegen andere Geh\u00f6rlose. Das erste Spiel 1955 ging \u00fcber Pfingsten gegen Saarbr\u00fccken verloren mit 2:3. Auch das zweite Spiel im Jahr &hellip; <\/p>\n<p><a class=\"more-link btn\" href=\"https:\/\/www.gsv-heidelberg.de\/?page_id=118\">Weiterlesen<\/a><\/p>\n","protected":false},"author":1,"featured_media":0,"parent":0,"menu_order":0,"comment_status":"open","ping_status":"open","template":"","meta":{"footnotes":""},"class_list":["post-118","page","type-page","status-publish","hentry","nodate","item-wrap"],"_links":{"self":[{"href":"https:\/\/www.gsv-heidelberg.de\/index.php?rest_route=\/wp\/v2\/pages\/118","targetHints":{"allow":["GET"]}}],"collection":[{"href":"https:\/\/www.gsv-heidelberg.de\/index.php?rest_route=\/wp\/v2\/pages"}],"about":[{"href":"https:\/\/www.gsv-heidelberg.de\/index.php?rest_route=\/wp\/v2\/types\/page"}],"author":[{"embeddable":true,"href":"https:\/\/www.gsv-heidelberg.de\/index.php?rest_route=\/wp\/v2\/users\/1"}],"replies":[{"embeddable":true,"href":"https:\/\/www.gsv-heidelberg.de\/index.php?rest_route=%2Fwp%2Fv2%2Fcomments&post=118"}],"version-history":[{"count":18,"href":"https:\/\/www.gsv-heidelberg.de\/index.php?rest_route=\/wp\/v2\/pages\/118\/revisions"}],"predecessor-version":[{"id":3017,"href":"https:\/\/www.gsv-heidelberg.de\/index.php?rest_route=\/wp\/v2\/pages\/118\/revisions\/3017"}],"wp:attachment":[{"href":"https:\/\/www.gsv-heidelberg.de\/index.php?rest_route=%2Fwp%2Fv2%2Fmedia&parent=118"}],"curies":[{"name":"wp","href":"https:\/\/api.w.org\/{rel}","templated":true}]}}