{"id":143,"date":"2011-11-09T17:46:52","date_gmt":"2011-11-09T17:46:52","guid":{"rendered":"http:\/\/gsv-heidelberg.de\/gsv\/?page_id=143"},"modified":"2025-01-02T16:54:49","modified_gmt":"2025-01-02T14:54:49","slug":"mitgliedschaft","status":"publish","type":"page","link":"https:\/\/www.gsv-heidelberg.de\/?page_id=143","title":{"rendered":"Mitgliedschaft"},"content":{"rendered":"\n<h3 class=\"wp-block-heading\">Mitgliedsbeitr\u00e4ge ab 01.01.2023<\/h3>\n\n\n\n<figure class=\"wp-block-table\"><table><tbody><tr><td>Aktiv f\u00fcr Erwachsene<\/td><td>90,00 \u20ac \/ Jahr<\/td><\/tr><tr><td>Aktiv f\u00fcr Jugendliche<\/td><td>50,00 \u20ac \/ Jahr<\/td><\/tr><tr><td>Passiv f\u00fcr Erwachsene und Jugendliche<\/td><td>50,00 \u20ac \/ Jahr<\/td><\/tr><tr><td>Familie*<\/td><td>120,00 \u20ac \/ Jahr<\/td><\/tr><tr><td>Aufnahmegeb\u00fchr<\/td><td>10,00 \u20ac einmalig<\/td><\/tr><\/tbody><\/table><figcaption class=\"wp-element-caption\">* Der Familienbeitrag bezieht sich auf Eltern und deren Kinder bis 17 Jahre und erfolgt nur auf schriftlichen Antrag. Der<br>Beitragssatz f\u00fcr Familien beginnt generell mit dem Monat der Antragstellung und kann nicht r\u00fcckwirkend gew\u00e4hrt werden.<\/figcaption><\/figure>\n\n\n\n<h3 class=\"wp-block-heading\">Bankverbindung des Hauptverein GSV Heidelberg 1954 e.V. (seit 01.01.2025)<\/h3>\n\n\n\n<p>Heidelberger Volksbank<br>IBAN: DE54 6729 0000 0149 7227 00<br>BIC: GENODE61HD1<\/p>\n\n\n\n<h3 class=\"wp-block-heading\">Beitrittserkl\u00e4rung<\/h3>\n\n\n\n<p>Bitte senden Sie das Formular \u201eAnmeldung\u201c vollst\u00e4ndig ausgef\u00fcllt und unterschrieben an die E-Mail-Adresse vorstand.gsvheidelberg@gmail.com.<\/p>\n\n\n\n<div data-wp-interactive=\"core\/file\" class=\"wp-block-file\"><object data-wp-bind--hidden=\"!state.hasPdfPreview\" hidden class=\"wp-block-file__embed\" data=\"https:\/\/www.gsv-heidelberg.de\/wp-content\/uploads\/2022\/07\/Beitrittserklaerung-GSV-Heidelberg_ab-2023_online-ausfuellbar.pdf\" type=\"application\/pdf\" style=\"width:100%;height:600px\" aria-label=\"Einbettung von Beitrittserklaerung-GSV-Heidelberg_ab-2023_online-ausfuellbar.\"><\/object><a id=\"wp-block-file--media-716d9a10-d057-499c-b28e-bc5db0d4d5ec\" href=\"https:\/\/www.gsv-heidelberg.de\/wp-content\/uploads\/2022\/07\/Beitrittserklaerung-GSV-Heidelberg_ab-2023_online-ausfuellbar.pdf\" target=\"_blank\" rel=\"noreferrer noopener\">Beitrittserklaerung-GSV-Heidelberg_ab-2023_online-ausfuellbar<\/a><a href=\"https:\/\/www.gsv-heidelberg.de\/wp-content\/uploads\/2022\/07\/Beitrittserklaerung-GSV-Heidelberg_ab-2023_online-ausfuellbar.pdf\" class=\"wp-block-file__button wp-element-button\" download aria-describedby=\"wp-block-file--media-716d9a10-d057-499c-b28e-bc5db0d4d5ec\">Herunterladen<\/a><\/div>\n\n\n\n<h3 class=\"wp-block-heading\">Satzung des Geh\u00f6rlosen Sportverein Heidelberg 1954 e.V.<\/h3>\n\n\n\n<div data-wp-interactive=\"core\/file\" class=\"wp-block-file\"><object data-wp-bind--hidden=\"!state.hasPdfPreview\" hidden class=\"wp-block-file__embed\" data=\"https:\/\/www.gsv-heidelberg.de\/wp-content\/uploads\/2022\/12\/Satzung-GSV-Heidelberg.pdf\" type=\"application\/pdf\" style=\"width:100%;height:600px\" aria-label=\"Einbettung von Satzung-GSV-Heidelberg.\"><\/object><a id=\"wp-block-file--media-d9fbcbd1-4bbf-4284-8b80-77349b3aa7b5\" href=\"https:\/\/www.gsv-heidelberg.de\/wp-content\/uploads\/2022\/12\/Satzung-GSV-Heidelberg.pdf\" target=\"_blank\" rel=\"noreferrer noopener\">Satzung-GSV-Heidelberg<\/a><a href=\"https:\/\/www.gsv-heidelberg.de\/wp-content\/uploads\/2022\/12\/Satzung-GSV-Heidelberg.pdf\" class=\"wp-block-file__button wp-element-button\" download aria-describedby=\"wp-block-file--media-d9fbcbd1-4bbf-4284-8b80-77349b3aa7b5\">Herunterladen<\/a><\/div>\n\n\n\n<iframe src=\"https:\/\/www.google.com\/maps\/embed?pb=!1m14!1m8!1m3!1d20767.361499820858!2d8.69997!3d49.410415!3m2!1i1024!2i768!4f13.1!3m3!1m2!1s0x4797c104ad865943%3A0x7586c6798c70bfec!2sGeh%C3%B6rlosen-Sportverein%201954%20e.%20V.!5e0!3m2!1sde!2sde!4v1658477051766!5m2!1sde!2sde\" width=\"800\" height=\"600\" style=\"border:0;\" allowfullscreen=\"\" loading=\"lazy\" referrerpolicy=\"no-referrer-when-downgrade\"><\/iframe>\n","protected":false},"excerpt":{"rendered":"<p>Mitgliedsbeitr\u00e4ge ab 01.01.2023 Aktiv f\u00fcr Erwachsene 90,00 \u20ac \/ Jahr Aktiv f\u00fcr Jugendliche 50,00 \u20ac \/ Jahr Passiv f\u00fcr Erwachsene und Jugendliche 50,00 \u20ac \/ Jahr Familie* 120,00 \u20ac \/ Jahr Aufnahmegeb\u00fchr 10,00 \u20ac einmalig * Der Familienbeitrag bezieht sich auf Eltern und deren Kinder bis 17 Jahre und erfolgt nur auf schriftlichen Antrag. DerBeitragssatz &hellip; <\/p>\n<p><a class=\"more-link btn\" href=\"https:\/\/www.gsv-heidelberg.de\/?page_id=143\">Weiterlesen<\/a><\/p>\n","protected":false},"author":1,"featured_media":0,"parent":0,"menu_order":0,"comment_status":"open","ping_status":"open","template":"","meta":{"footnotes":""},"class_list":["post-143","page","type-page","status-publish","hentry","nodate","item-wrap"],"_links":{"self":[{"href":"https:\/\/www.gsv-heidelberg.de\/index.php?rest_route=\/wp\/v2\/pages\/143","targetHints":{"allow":["GET"]}}],"collection":[{"href":"https:\/\/www.gsv-heidelberg.de\/index.php?rest_route=\/wp\/v2\/pages"}],"about":[{"href":"https:\/\/www.gsv-heidelberg.de\/index.php?rest_route=\/wp\/v2\/types\/page"}],"author":[{"embeddable":true,"href":"https:\/\/www.gsv-heidelberg.de\/index.php?rest_route=\/wp\/v2\/users\/1"}],"replies":[{"embeddable":true,"href":"https:\/\/www.gsv-heidelberg.de\/index.php?rest_route=%2Fwp%2Fv2%2Fcomments&post=143"}],"version-history":[{"count":42,"href":"https:\/\/www.gsv-heidelberg.de\/index.php?rest_route=\/wp\/v2\/pages\/143\/revisions"}],"predecessor-version":[{"id":9055,"href":"https:\/\/www.gsv-heidelberg.de\/index.php?rest_route=\/wp\/v2\/pages\/143\/revisions\/9055"}],"wp:attachment":[{"href":"https:\/\/www.gsv-heidelberg.de\/index.php?rest_route=%2Fwp%2Fv2%2Fmedia&parent=143"}],"curies":[{"name":"wp","href":"https:\/\/api.w.org\/{rel}","templated":true}]}}