{"id":279,"date":"2011-11-17T06:06:02","date_gmt":"2011-11-17T06:06:02","guid":{"rendered":"http:\/\/gsv-heidelberg.de\/gsv\/?page_id=279"},"modified":"2023-03-07T16:06:39","modified_gmt":"2023-03-07T14:06:39","slug":"impressum","status":"publish","type":"page","link":"https:\/\/www.gsv-heidelberg.de\/?page_id=279","title":{"rendered":"Impressum"},"content":{"rendered":"\n<h2 class=\"wp-block-heading\"><strong><br>Herausgeber<\/strong><\/h2>\n\n\n\n<p>Geh\u00f6rlosensportverein Heidelberg 1954 e.V.<br>M\u00e4rzgasse 3<br>69115 Heidelberg<\/p>\n\n\n\n<p>Mail: Vorstand.gsvheidelberg(at)gmail.com<\/p>\n\n\n\n<h2 class=\"wp-block-heading\"><strong>Inhaltlich Verantwortliche:<\/strong><\/h2>\n\n\n\n<p>1. Vorstand<\/p>\n\n\n\n<p>Benjamin Heymel, E-Mail: Vorstand.gsvheidelberg(at)gmail.com<\/p>\n\n\n\n<p>2. Vorstand<\/p>\n\n\n\n<p>Thomas Kolbenschlag, E-Mail: Vorstand.gsvheidelberg(at)gmail.com<\/p>\n\n\n\n<h2 class=\"wp-block-heading\"><strong>Urheberrechte:<\/strong><\/h2>\n\n\n\n<p>Geh\u00f6rlosen (GSV) Sportverein Heidelberg 1954 e.V. &#8211; alle Rechte vorbehalten.<\/p>\n\n\n\n<p>Falls nicht anders angegeben, unterliegen alle Seiten des GSV Heidelberg 1954 e.V. dem Urheberrecht (Copyright). Dies gilt insbesondere f\u00fcr Texte, Bilder, Wappen, Logos, Grafiken, Ton- und Videodateien einschlie\u00dflich deren Anordnung auf den Web-Seiten.<\/p>\n\n\n\n<p>Eine Vervielf\u00e4ltigung oder Verwendung solcher Seiten (oder Teilen davon) in anderen elektronischen oder gedruckten Publikationen und deren Ver\u00f6ffentlichung (auch im Internet) ist nur nach vorheriger Genehmigung gestattet.<br>Der Nachdruck und die Auswertung von Pressemitteilungen sind mit Quellenangabe nat\u00fcrlich gestattet. Gleiches gilt f\u00fcr die gekennzeichneten Download-Angebote. Die Genehmigung zur Publikation der Webseiten kann der Herausgeber erteilen (Impressum). Weiterhin k\u00f6nnen Bilder, Grafiken, Text- oder sonstige Dateien ganz oder teilweise dem Urheberrecht Dritter unterliegen.<\/p>\n\n\n\n<p>Alle innerhalb des Internetangebotes genannten und ggf. durch Dritte gesch\u00fctzten Marken- und Warenzeichen unterliegen uneingeschr\u00e4nkt den Bestimmungen des jeweils g\u00fcltigen Kennzeichenrechts und den Besitzrechten der jeweiligen eingetragenen Eigent\u00fcmer. Allein aufgrund der blo\u00dfen Nennung in unserem Internetangebot ist nicht der Schluss zu ziehen, dass Markenzeichen nicht durch Rechte Dritter gesch\u00fctzt sind.<\/p>\n\n\n\n<p>Verantwortlichkeit f\u00fcr Links &amp; Verweise:<br>Der GSV Heidelberg 1954 e.V. haftet zivil- und strafrechtlich nur f\u00fcr die eigenen Inhalte, die er in seinem Internetangebot zur Nutzung bereith\u00e4lt. Soweit sie durch den als \u201eLink\u201c gekennzeichneten Querverweis lediglich den Zugang zur Nutzung fremder Inhalte erm\u00f6glicht, ist er nicht verantwortlich, da er die \u00dcbermittlung der Informationen nicht veranlasst hat, den Adressaten der \u00fcbermittelten Information nicht ausgew\u00e4hlt und die \u00fcbermittelten Informationen auch nicht ausgew\u00e4hlt oder ver\u00e4ndert hat. Eine automatische kurzzeitige Zwischenspeicherung fremder Informationen ist aufgrund der gew\u00e4hlten Aufruf- und Verlinkungsmethodik ausgeschlossen, so dass sich auch insoweit keine Verantwortlichkeit des GSV Heidelberg 1977 e.V. ergibt.<\/p>\n\n\n\n<p>Die inhaltlich Verantwortlichen haben bei der erstmaligen Verkn\u00fcpfung mit einem anderen Internetangebot seinen fremden Inhalt daraufhin gepr\u00fcft, ob durch ihn eine m\u00f6gliche zivilrechtliche oder strafrechtliche Verantwortlichkeit ausgel\u00f6st wird. Sobald sie feststellt oder von anderen darauf hingewiesen wird, dass ein bestimmtes Angebot, zu dem ein Link bereitgestellt wurde, eine zivil- oder strafrechtliche Verantwortlichkeit ausl\u00f6st, werden sie den Verweis auf dieses Angebot unverz\u00fcglich aufheben, soweit dies technisch m\u00f6glich und zumutbar ist. F\u00fcr illegale, fehlerhafte oder unvollst\u00e4ndige Inhalte und insbesondere Sch\u00e4den, die aus der Nutzung oder Nichtnutzung von Informationen Dritter entstehen, haftet allein der jeweilige Anbieter der Seite, auf welche verwiesen wird.<\/p>\n","protected":false},"excerpt":{"rendered":"<p>Herausgeber Geh\u00f6rlosensportverein Heidelberg 1954 e.V.M\u00e4rzgasse 369115 Heidelberg Mail: Vorstand.gsvheidelberg(at)gmail.com Inhaltlich Verantwortliche: 1. Vorstand Benjamin Heymel, E-Mail: Vorstand.gsvheidelberg(at)gmail.com 2. Vorstand Thomas Kolbenschlag, E-Mail: Vorstand.gsvheidelberg(at)gmail.com Urheberrechte: Geh\u00f6rlosen (GSV) Sportverein Heidelberg 1954 e.V. &#8211; alle Rechte vorbehalten. Falls nicht anders angegeben, unterliegen alle Seiten des GSV Heidelberg 1954 e.V. dem Urheberrecht (Copyright). Dies gilt insbesondere f\u00fcr Texte, Bilder, &hellip; <\/p>\n<p><a class=\"more-link btn\" href=\"https:\/\/www.gsv-heidelberg.de\/?page_id=279\">Weiterlesen<\/a><\/p>\n","protected":false},"author":1,"featured_media":0,"parent":0,"menu_order":0,"comment_status":"open","ping_status":"open","template":"","meta":{"footnotes":""},"class_list":["post-279","page","type-page","status-publish","hentry","nodate","item-wrap"],"_links":{"self":[{"href":"https:\/\/www.gsv-heidelberg.de\/index.php?rest_route=\/wp\/v2\/pages\/279","targetHints":{"allow":["GET"]}}],"collection":[{"href":"https:\/\/www.gsv-heidelberg.de\/index.php?rest_route=\/wp\/v2\/pages"}],"about":[{"href":"https:\/\/www.gsv-heidelberg.de\/index.php?rest_route=\/wp\/v2\/types\/page"}],"author":[{"embeddable":true,"href":"https:\/\/www.gsv-heidelberg.de\/index.php?rest_route=\/wp\/v2\/users\/1"}],"replies":[{"embeddable":true,"href":"https:\/\/www.gsv-heidelberg.de\/index.php?rest_route=%2Fwp%2Fv2%2Fcomments&post=279"}],"version-history":[{"count":13,"href":"https:\/\/www.gsv-heidelberg.de\/index.php?rest_route=\/wp\/v2\/pages\/279\/revisions"}],"predecessor-version":[{"id":7934,"href":"https:\/\/www.gsv-heidelberg.de\/index.php?rest_route=\/wp\/v2\/pages\/279\/revisions\/7934"}],"wp:attachment":[{"href":"https:\/\/www.gsv-heidelberg.de\/index.php?rest_route=%2Fwp%2Fv2%2Fmedia&parent=279"}],"curies":[{"name":"wp","href":"https:\/\/api.w.org\/{rel}","templated":true}]}}