{"id":7848,"date":"2023-02-22T11:47:25","date_gmt":"2023-02-22T09:47:25","guid":{"rendered":"https:\/\/www.gsv-heidelberg.de\/?page_id=7848"},"modified":"2024-01-19T10:56:05","modified_gmt":"2024-01-19T08:56:05","slug":"statistik-2023","status":"publish","type":"page","link":"https:\/\/www.gsv-heidelberg.de\/?page_id=7848","title":{"rendered":"Statistik 2023"},"content":{"rendered":"\n<figure class=\"wp-block-table\"><table><thead><tr><th>Platz<\/th><th>Name<\/th><th>Tore<\/th><\/tr><\/thead><tbody><tr><td>1<\/td><td>Nico Guldan<\/td><td>9<\/td><\/tr><tr><td>2<\/td><td>Waldemar Lange Junior<\/td><td>7<\/td><\/tr><tr><td>3<\/td><td>\u00dcmit Olgun<\/td><td>6<\/td><\/tr><tr><td><\/td><td>Salvatore Sch\u00e4fer<\/td><td>6<\/td><\/tr><tr><td>4<\/td><td>Benjamin Heymel<\/td><td>5<\/td><\/tr><tr><td>5<\/td><td>Waldemar Lange Senior<\/td><td>3<\/td><\/tr><tr><td>6<\/td><td>Marco Voltz<\/td><td>2<\/td><\/tr><tr><td><\/td><td>Teoman Koral<\/td><td>2<\/td><\/tr><tr><td>7<\/td><td>Nadir \u00d6zalp<\/td><td>1<\/td><\/tr><tr><td><\/td><td>Julian Goller<\/td><td>1<\/td><\/tr><tr><td><\/td><td>Marcel Fischer<\/td><td>1<\/td><\/tr><tr><td><\/td><td>Julian Goller<\/td><td>1<\/td><\/tr><tr><td><\/td><td>Pascal V\u00f6lker<\/td><td>1<\/td><\/tr><tr><td><\/td><td>Patrick Ittenbach<\/td><td>1<\/td><\/tr><tr><td><\/td><td>Tom Schmit<\/td><td>1<\/td><\/tr><tr><td><\/td><td>Valeh Imanov<\/td><td>1<\/td><\/tr><\/tbody><\/table><\/figure>\n\n\n\n<p><\/p>\n","protected":false},"excerpt":{"rendered":"<p>Platz Name Tore 1 Nico Guldan 9 2 Waldemar Lange Junior 7 3 \u00dcmit Olgun 6 Salvatore Sch\u00e4fer 6 4 Benjamin Heymel 5 5 Waldemar Lange Senior 3 6 Marco Voltz 2 Teoman Koral 2 7 Nadir \u00d6zalp 1 Julian Goller 1 Marcel Fischer 1 Julian Goller 1 Pascal V\u00f6lker 1 Patrick Ittenbach 1 Tom &hellip; <\/p>\n<p><a class=\"more-link btn\" href=\"https:\/\/www.gsv-heidelberg.de\/?page_id=7848\">Weiterlesen<\/a><\/p>\n","protected":false},"author":1,"featured_media":0,"parent":3994,"menu_order":0,"comment_status":"closed","ping_status":"closed","template":"","meta":{"footnotes":""},"class_list":["post-7848","page","type-page","status-publish","hentry","nodate","item-wrap"],"_links":{"self":[{"href":"https:\/\/www.gsv-heidelberg.de\/index.php?rest_route=\/wp\/v2\/pages\/7848","targetHints":{"allow":["GET"]}}],"collection":[{"href":"https:\/\/www.gsv-heidelberg.de\/index.php?rest_route=\/wp\/v2\/pages"}],"about":[{"href":"https:\/\/www.gsv-heidelberg.de\/index.php?rest_route=\/wp\/v2\/types\/page"}],"author":[{"embeddable":true,"href":"https:\/\/www.gsv-heidelberg.de\/index.php?rest_route=\/wp\/v2\/users\/1"}],"replies":[{"embeddable":true,"href":"https:\/\/www.gsv-heidelberg.de\/index.php?rest_route=%2Fwp%2Fv2%2Fcomments&post=7848"}],"version-history":[{"count":12,"href":"https:\/\/www.gsv-heidelberg.de\/index.php?rest_route=\/wp\/v2\/pages\/7848\/revisions"}],"predecessor-version":[{"id":8381,"href":"https:\/\/www.gsv-heidelberg.de\/index.php?rest_route=\/wp\/v2\/pages\/7848\/revisions\/8381"}],"up":[{"embeddable":true,"href":"https:\/\/www.gsv-heidelberg.de\/index.php?rest_route=\/wp\/v2\/pages\/3994"}],"wp:attachment":[{"href":"https:\/\/www.gsv-heidelberg.de\/index.php?rest_route=%2Fwp%2Fv2%2Fmedia&parent=7848"}],"curies":[{"name":"wp","href":"https:\/\/api.w.org\/{rel}","templated":true}]}}